91 prime?
True
Is 732373 a composite number?
False
Is 199276593 a prime number?
False
Is 16829963233 prime?
False
Is 1314712445 a prime number?
False
Is 26612555861 composite?
False
Is 943057963 composite?
False
Is 3680186831 composite?
False
Is 1114539319 a composite number?
False
Is 63209578 a prime number?
False
Is 144729791 a prime number?
True
Is 200348753597 a composite number?
False
Is 3234908735 a composite number?
True
Is 110027985937 prime?
False
Is 10049916119 prime?
True
Is 3204236903 composite?
True
Is 887021299 prime?
False
Is 585117691 a composite number?
True
Is 47922726637 a composite number?
False
Is 2464247315 prime?
False
Is 13072260437 composite?
False
Is 103792747951 prime?
True
Is 2007305353 prime?
True
Is 928485461 composite?
False
Is 19870770877 composite?
False
Is 1833866857 composite?
True
Is 388030633345 a composite number?
True
Is 366619945 a composite number?
True
Is 114349722323 composite?
False
Is 33645865595 prime?
False
Is 303844117 a composite number?
False
Is 80122419491 prime?
False
Is 13736364407 composite?
True
Is 15074632493 composite?
False
Is 49854637561 a prime number?
True
Is 7150508353 a prime number?
True
Is 1971100279 a prime number?
True
Is 19410357157 a prime number?
False
Is 320128979653 composite?
True
Is 6321359503 a composite number?
False
Is 41975651213 composite?
True
Is 4161881881 a prime number?
True
Is 447915074 a prime number?
False
Is 19245674099 composite?
True
Is 16979574373 composite?
False
Is 121069583 prime?
False
Is 6768797383 prime?
True
Is 98842687603 a composite number?
True
Is 1549974973 prime?
False
Is 970931807 a composite number?
True
Is 5575249679 prime?
True
Is 9966852349 a prime number?
False
Is 477126187 a prime number?
False
Is 380698729 composite?
False
Is 51431209 composite?
True
Is 2977801909 a prime number?
False
Is 51101513 prime?
True
Is 1170170117 composite?
True
Is 9022016999 composite?
True
Is 1115219893 composite?
True
Is 13209490621 prime?
True
Is 1842410047 composite?
False
Is 28798072399 a composite number?
True
Is 1361825107 composite?
True
Is 322472963 a composite number?
False
Is 2446395959 prime?
False
Is 12407811869 prime?
True
Is 111911527727 a composite number?
True
Is 265721302131 composite?
True
Is 55538063902 a composite number?
True
Is 21688672361 composite?
True
Is 810783689 composite?
False
Is 7261082861 a composite number?
False
Is 145341440723 composite?
False
Is 48653343091 a composite number?
False
Is 434967431 prime?
False
Is 1125952903 a composite number?
False
Is 3858125717 prime?
True
Is 6707017967 a prime number?
False
Is 5563756139 a prime number?
True
Is 47994596913 composite?
True
Is 33280026943 composite?
True
Is 445090171 prime?
True
Is 2236036807 a prime number?
True
Is 6054474947 prime?
False
Is 2974503866 composite?
True
Is 786411403 a prime number?
False
Is 20763046699 a composite number?
False
Is 34986705743 a composite number?
True
Is 6870230837 composite?
False
Is 226087313 a prime number?
True
Is 6521143879 prime?
True
Is 221746009 a prime number?
False
Is 599440251 a prime number?
False
Is 1502244257 a composite number?
True
Is 3928433 prime?
False
Is 990126353 a composite number?
False
Is 26754865831 prime?
False
Is 50076476663 a composite number?
True
Is 2812781863 a composite number?
False
Is 299479471 composite?
True
Is 2812034501 a composite number?
True
Is 647562931 prime?
False
Is 592399966 composite?
True
Is 15398976497 prime?
True
Is 21846269 a composite number?
True
Is 55404652333 prime?
True
Is 734413657 a composite number?
False
Is 330120538531 composite?
True
Is 2331171553 a composite number?
True
Is 17873390243 prime?
True
Is 49352342203 prime?
True
Is 25917040811 a composite number?
False
Is 315520812931 a composite number?
False
Is 1283005349 a composite number?
False
Is 137763985165 a composite number?
True
Is 11562815191 a composite number?
False
Is 5647107671 a composite number?
False
Is 1773276007 a composite number?
True
Is 10599431891 composite?
True
Is 4880204971 prime?
True
Is 5080245641 composite?
False
Is 467712139 composite?
False
Is 24923669243 a prime number?
False
Is 28984738583 prime?
False
Is 11611743679 composite?
False
Is 1099579757 composite?
False
Is 45284886697 a prime number?
False
Is 17272192453 a prime number?
True
Is 309732936971 a composite number?
False
Is 72550083883 composite?
False
Is 4600807709 a prime number?
True
Is 3207130151 a composite number?
False
Is 567214679 composite?
False
Is 2045705507 prime?
True
Is 31714805597 a prime number?
False
Is 126903205421 composite?
False
Is 522551002 composite?
True
Is 36730099733 a composite number?
False
Is 860606891 composite?
True
Is 2439572701 prime?
False
Is 6037658317 composite?
False
Is 1251628423 prime?
True
Is 245907983 composite?
True
Is 301276393 composite?
True
Is 3444522083 composite?
False
Is 76296495118 a prime number?
False
Is 4027373713 a prime number?
False
Is 1933349983 prime?
True
Is 1809870901 composite?
True
Is 1308338957 a prime number?
True
Is 396227947 composite?
True
Is 25906184569 a composite number?
True
Is 143688901835 composite?
True
Is 297014647 composite?
False
Is 1221598193 prime?
True
Is 8776745891 a prime number?
True
Is 353471057 a composite number?
False
Is 325104623 a prime number?
False
Is 551151119 a composite number?
True
Is 9560208839 a prime number?
True
Is 24256813187 a prime number?
True
Is 31801581109 prime?
True
Is 79229994911 composite?
True
Is 4292790611 composite?
True
Is 4774499701 prime?
False
Is 80781511 a composite number?
False
Is 388422479 a prime number?
False
Is 5651623193 a composite number?
True
Is 3324655918 a prime number?
False
Is 3856612769 a composite number?
True
Is 41690611709 a composite number?
True
Is 1545859241 prime?
False
Is 36886081147 prime?
True
Is 12672818099 a composite number?
False
Is 1333099519 composite?
False
Is 1315039051 a prime number?
True
Is 26852861759 a prime number?
True
Is 3790260503 a prime number?
True
Is 151681273817 prime?
True
Is 104537693899 prime?
True
Is 2593190343 prime?
False
Is 120410331683 a composite number?
False
Is 71005340941 prime?
True
Is 11759145583 prime?
True
Is 71185257497 a composite number?
False
Is 2917512053 a composite number?
False
Is 107123074855 a composite number?
True
Is 27309416483 a prime number?
False
Is 5730193921 a composite number?
True
Is 137731007 a composite number?
True
Is 2524098427 composite?
True
Is 11177353399 prime?
False
Is 13053846557 a prime number?
False
Is 41874090017 a composite number?
True
Is 14055891247 a composite number?
False
Is 513059009 composite?
False
Is 5795736157 composite?
True
Is 29176439833 prime?
False
Is 18129267917 composite?
False
Is 911576729 a prime number?
False
Is 651626923 prime?
True
Is 432774863 a prime number?
False
Is 149165547 a prime number?
False
Is 56307997345 a prime number?
False
Is 22720516727 a prime number?
True
Is 471852761 prime?
False
Is 191225610997 a composite number?
False
Is 11424067511 composite?
False
Is 334100881 a prime number?
False
Is 143940457 composite?
False
Is 390971891 composite?
True
Is 132123657 prime?
False
Is 10288243097 prime?
False
Is 293709461 a composite number?
True
Is 225812869 prime?
True
Is 103766285239 prime?
False
Is 3680310601 a composite number?
True
Is 2551752023 composite?
True
Is 321283979 a composite number?
False
Is 788785967 a composite number?
True
Is 220308967 a composite number?
True
Is 942862901 a prime number?
True
Is 24513499 a prime number?
False
Is 98503567573 a composite number?
False
Is 1985449001 prime?
False
Is 316489421 composite?
False
Is 4304342723 a prime number?
False
Is 118118040803 composite?
True
Is 956083105 prime?
False
Is 94760530957 a composite number?
True
Is 105795917561 prime?
True
Is 1115886877 a composite number?
True
Is 5601700073 a prime number?
False
Is 765707791 prime?
True
Is 10991975989 a prime number?
True
Is 1484428909 a composite number?
False
Is 47951489 a composite number?
True
Is 17533217033 a composite number?
True
Is 21752277 prime?
False
Is 756345679 a composite number?
False
Is 3163417123 a composite number?
True
Is 1074468991 prime?
True
Is 260157379 composite?
True
Is 38356915547 a prime number?
True
Is 1360479389 a composite number?
False
Is 6995463065 prime?
Fa